 2*n. Suppose 4*z = 7*z - n. What is the units digit of z?
2
Let d be 1/((6/(-4))/(-3)). Suppose -d*z = k - 3*z - 9, -4*z - 20 = 0. Suppose 3*j - 289 = -k*f, 0 = -5*f - j + 530 - 177. What is the units digit of f?
0
Let d(m) = m**3 + m**2 + 11*m - 7. What is the tens digit of d(3)?
6
Let f(z) = 2*z - 16. Let g be f(9). Suppose 2*n = 4*k - 148, -g*n + 4*n - 32 = -k. What is the units digit of k?
6
What is the hundreds digit of (-3138)/(-9) - 9/(-27)?
3
Let i be (1 - 3)*(-123)/(-6). Let b = -15 - i. Let h = b - 4. What is the units digit of h?
2
Let n(z) = z**3 - 10*z**2 + 9*z + 3. Let c be -2 + (1 - -1) + -3. Let j be (c + 2)/((-1)/9). What is the units digit of n(j)?
3
Let i = 16 - 13. Suppose 0 = -5*c + x + 30, -i*c = -8*c - x + 20. Suppose -3 = -c*d + 87. What is the units digit of d?
8
Suppose 6*f = -0*f + 42. Suppose f*n - 372 = 335. What is the units digit of n?
1
Suppose 0 = 3*z - 7*z + 1204. What is the tens digit of z?
0
Let g(x) = -4*x - 12. Let s(p) = -2*p + 20. Let z be s(20). What is the units digit of g(z)?
8
Let b = -1098 - -3545. What is the tens digit of b?
4
Let m = -16 + -18. Let r = 34 + m. Suppose r = -4*q + 40. What is the units digit of q?
0
Suppose 6*p + 8*p - 6062 = 0. What is the tens digit of p?
3
Let b(v) = 157*v**3 + v**2 + 4. What is the tens digit of b(2)?
6
Let h(x) = x**2 + 16*x + 24. Let v(s) = -s**2 - 34*s - 49. Let q(d) = 9*h(d) + 4*v(d). What is the hundreds digit of q(-5)?
1
Suppose -5*m - 3*l + 91 = 0, -m = 3*m - 2*l - 64. Let c = 17 - m. Suppose 4*w = -y + 26, c = -3*w - 2*w - y + 32. What is the units digit of w?
6
Suppose 0 = 2*j - 12*j + 3180. Suppose 5*w = 3*q - 0*q + j, -4*q + 214 = 3*w. What is the tens digit of w?
6
Let p be 3 + -8 + 2 + 1 + 2. Suppose p = 3*m - 353 + 119. What is the tens digit of m?
7
Let q(t) = -18*t - 9*t - 16*t - 3*t**2 + 3*t. What is the tens digit of q(-6)?
3
Let a = -1020 - -1957. What is the units digit of a?
7
Let i = -807 - -1368. What is the hundreds digit of i?
5
Let y(i) = 23*i**2 + 4*i - 3. Let o be y(1). Suppose -c + 34 = -o. What is the units digit of c?
8
Let x(i) = 2*i**3 - 9*i**2 + i - 15. Let s be x(5). Let b(k) = -k**2 + 23*k - 13. What is the hundreds digit of b(s)?
1
What is the tens digit of (945/(-7) + -2)/(-1)?
3
What is the hundreds digit of 1/((-2)/4) - -768?
7
Let i(t) = t**3 - 14*t**2 + 15*t + 15. Let l be i(15). Suppose 0 = 4*x - x - l. What is the units digit of x?
5
Let m(p) = -25 - 10 + 3*p**2 + 227*p - 229*p. What is the tens digit of m(7)?
9
Let v(q) = -17 + q - 7*q - q + 0*q. What is the units digit of v(-6)?
5
Let p be -25*5 + -4 + 2 + 3. Let h = -41 - p. What is the units digit of h?
3
Suppose 830 = 5*b + 2*p, -b + 275 - 109 = -2*p. What is the units digit of b?
6
Let y(q) = -q**3 - 4*q**2 + 6*q + 4. Let n(l) = 4*l + 7. Let o be n(-3). Let t be y(o). What is the tens digit of t/((6/(-74))/3)?
3
Suppose -5*a - 3*c + 1675 = 0, -3*c + 151 = -2*a + 842. What is the tens digit of a?
3
Let z(u) = 26*u + 22. What is the tens digit of z(17)?
6
Suppose -2*q - 4*m = -2806, 2*q - 1997 - 809 = m. What is the units digit of q?
3
Let p(z) = -z**3 + 13*z**2 - 4*z - 22. Let i = 107 + -98. What is the tens digit of p(i)?
6
Let d = 4 + 4. Let y(i) = -2*i - 13 + 0*i + d - 10. What is the tens digit of y(-14)?
1
Let j = 7056 - 4983. What is the tens digit of j?
7
What is the units digit of (-130 + 115)/(2/(-450))?
5
Suppose -5*s = -0*s. Let u = s - 24. Let y = u - -26. What is the units digit of y?
2
Let v(a) = a**2 - 2*a + 2. Let h be v(4). Let d(y) = -h*y + 2*y**3 + 1 - 4*y**3 + y**2 + 3*y**3 - 12*y**2. What is the tens digit of d(12)?
2
Let c(n) = -n**2 - 8*n - 4. Suppose -t + 2*p - 3 = 0, 0 = -3*t + 6*p - p - 10. What is the tens digit of c(t)?
1
What is the units digit of 20*(1 + (-6)/24)?
5
Let r be (-35)/(-3) + (-2)/3. Let p = 12 - r. What is the units digit of p?
1
Let y(v) = v**3 + v**2 + v + 1. Let l(d) = d**3 - 3*d**2 + 6*d + 9. Let f(k) = l(k) - 2*y(k). What is the units digit of f(-6)?
9
What is the hundreds digit of ((-1881390)/(-28))/17 + (-5)/(-2)?
9
Let q(y) = y**3 - 19*y**2 + 4*y + 2. Let b(c) = -c**3 + 19*c**2 - 4*c - 1. Let u(i) = 6*b(i) + 7*q(i). What is the units digit of u(19)?
4
Let u(x) = 6*x**2 - 24*x + 27. What is the thousands digit of u(-18)?
2
Let q(r) = -r**3 + 10*r**2 - 8. Let w be q(4). Let m = 152 - w. What is the units digit of m?
4
Let y(o) be the first derivative of 1/3*o**3 + o**2 - o - 6. What is the tens digit of y(4)?
2
Suppose -31*a + 26*a = -245. Suppose j = 5*c + a + 26, -93 = -j - c. What is the tens digit of j?
9
Suppose 0 = 4*v - u - 2302, -v + 2*v = -3*u + 582. What is the units digit of v?
6
Suppose 6*b - 11 = -47. What is the tens digit of 3/2*4/b - -52?
5
Let f(m) = -m**3 - 2*m + 9*m + 6 - 3*m**2 + m**2. Let u be f(-5). Suppose -2*l + 4*l = u. What is the units digit of l?
3
Suppose 38*l - 60210 = -16*l. What is the tens digit of l?
1
Let n(y) = -y**3 + 2*y**2 + 26*y - 8. Let a be n(6). Suppose -a*c = -11*c + 805. What is the tens digit of c?
1
Suppose 9*p - 13510 = 2*p. Suppose -15*q = -335 - p. What is the hundreds digit of q?
1
Let g be 21*20/2*1. What is the units digit of 8*(g/(-8))/(-7)?
0
Suppose 4*y = 3*a - 7469, -8*y + 7477 = 3*a - 4*y. What is the units digit of a?
1
Let d = 3484 - 1108. What is the units digit of d?
6
Let o(u) be the third derivative of -u**6/120 + u**5/6 - u**4/3 - 2*u**2. Let h be 9 + -1 - (5 - 6). What is the units digit of o(h)?
9
Suppose 4*a - 2910 = -3*f, -2889 = -f - 2*f + 3*a. What is the units digit of f?
6
What is the units digit of (0 + 1)/((-46)/(-35742))?
7
Suppose -4*a - 920 = -4*v - 0*a, 0 = 2*v + 2*a - 444. What is the tens digit of v?
2
Suppose 2*n = 0, 0 = -p - 10*n + 14*n + 1583. What is the units digit of p?
3
Let o(v) = -3*v - 8. Let m be o(-5). Suppose -t + 25 = -i, 2*i - m = -17. What is the units digit of t?
0
Let y(o) = -8*o - 5. Let w(s) = 9*s + 5. Let c(h) = -3*w(h) - 2*y(h). What is the units digit of c(-3)?
8
Let r be 5/20*-50*-2. Suppose 8*h = 3*h + r, -2*h = -4*s + 170. What is the units digit of s?
5
Let f(d) = 2*d**2 - 52*d - 142. What is the thousands digit of f(47)?
1
Suppose u + 53 = -3*y, -3*y = 4*u + 51 - 1. Let h be 1/((-3)/9) - 1. Let q = h - y. What is the units digit of q?
4
Let a be (1/(-3))/(10/(-630)). Let l be 1884/a + (-6)/(-21). Suppose 5*o = 5*x - l, o + 2*o + 37 = 2*x. What is the units digit of x?
7
Let k(p) = 3*p**2 - 10. Let m(c) = 7*c**2 - 19. Let h(d) = 5*k(d) - 2*m(d). Let z be h(6). Let r = 75 - z. What is the units digit of r?
1
Let n(j) = 8*j**2 + 45*j - 184. What is the tens digit of n(12)?
0
Suppose 3960 = -12*x + 17*x. What is the tens digit of x?
9
Let o be 2/8 - (-33)/12. Suppose -4*u + 4 = 3*j, o*u - 2*u = 4*j - 18. What is the units digit of (-34)/(-4) - (-2)/j?
9
Let p(w) = -118*w**3 + w**2 - w - 2. Let g be p(-1). Let l = 232 - g. What is the units digit of l?
4
Suppose 0 = 3*u - 29 + 2. Let m = 137 + -135. Suppose -m*t + 86 = -0*g + 4*g, 0 = -3*g - u. What is the tens digit of t?
4
What is the tens digit of (-14777)/(-35) + (-2)/10?
2
Suppose 8986 = 21*u + 1510. What is the hundreds digit of u?
3
Suppose 18*k - 2852 = 676. Suppose 3*s - 10 = 5. Suppose k = 4*l - d + 5*d, 0 = -s*l - d + 261. What is the tens digit of l?
5
Suppose 0 = -4*j - 2 - 6. What is the units digit of 2*(j + (-77)/(-2))?
3
Let q(d) be the second derivative of d**4/6 - 2*d**3 - 5*d**2 + 2*d + 1. What is the units digit of q(-5)?
0
Suppose 8 = 4*l - 2*l. Suppose 3*o - 521 = -4*r, -r + l*o = -94 - 41. What is the units digit of r?
1
What is the tens digit of (4/(-8))/(1/(-2052))?
2
Let i(v) be the second derivative of -5/2*v**2 + 1/20*v**5 + 0 - 3/4*v**4 + 1/2*v**3 + 12*v. What is the units digit of i(9)?
2
Suppose -4375 + 605 = -2*y + 2*x, 3*x = 3. What is the units digit of y?
6
Let f = 2042 - 1377. What is the units digit of f?
5
Let p(w) = 704*w**2 - w - 3. What is the hundreds digit of p(1)?
7
Suppose 46*p - 2215 = 2569. Let z be (2/5)/(2/10). Suppose -z*l - p = -6*l. What is the tens digit of l?
2
Let z(a) = a**3 - 11*a**2 + 13*a - 20. Suppose 10*h - 40 = 6*h. What is the tens digit of z(h)?
1
Let h(u) be the first derivative of u**4/12 - u**3/6 + 19*u**2 - 2*u + 4. Let v(i) be the first derivative of h(i). What is the tens digit of v(0)